c(t).
1
Let s(m) = 5*m. Let k(n) be the third derivative of n**5/60 + 5*n**4/8 - 5*n**3/2 + n**2. Let p = -689 - -673. Let g be k(p). What is s(g)?
5
Let v(q) = 6*q - 3. Suppose 39 = 3*n - 15. Suppose 2*o = -0*o + 4*l + 24, 2*l = 4*o - n. Determine v(o).
9
Suppose 4*p + 16 = -16. Let w = p - -9. Let j(t) = -39 + 20 + 18 - 6*t. Determine j(w).
-7
Let p(x) = x**3 + 6*x**2 - 6*x - 45. Let g be p(-5). Let a(q) = q**2 - 8*q + 8. Determine a(g).
28
Let j(x) = 2282*x**2 + 2285*x**2 + 7*x + 6 - 4568*x**2. Give j(9).
-12
Let m(d) = -2*d**2 + 44*d - 2. Let b(x) = 3*x**2 - 69*x + 3. Let a(f) = 5*b(f) + 8*m(f). What is a(6)?
5
Let d(h) be the first derivative of h**2 - 3*h + 1. Let a(n) = -n**2 - 5*n + 3. Let y be a(-7). Let g be y/((-594)/96) - (-4)/18. Determine d(g).
1
Let q(i) = 4*i**2 + 10*i - 2. Let r = 1461 + -1464. What is q(r)?
4
Suppose 5*n = -4*l - 11, -n + 2*n = 3*l - 6. Let d be (11 + 5)*(0 + l/(-2)). Let a(t) = t**2 + 9*t + 2. Calculate a(d).
-6
Let m(x) = x**3 - 4*x**2 - x + 6. Suppose 13*u - 229 = -164. Determine m(u).
26
Let v(c) = -4*c - 5 + 8 - 1 + 3*c - 11. Give v(-18).
9
Let s = 192 - 110. Let q(u) = -s*u - 4 + 7 + 6 + 83*u. Calculate q(-4).
5
Let r(b) be the second derivative of b**5/20 - 3*b**4/4 + 4*b**3/3 - b**2/2 + 12*b. Calculate r(8).
-1
Suppose 2*f + 79 = -5*c, -c + 2*f - 7 - 4 = 0. Let v(o) = -o**3 - 15*o**2 - 1. Determine v(c).
-1
Let r = -3 - 4. Let x(f) be the second derivative of f**4/12 + f**3 - 4*f**2 - 13*f. Calculate x(r).
-1
Let t(b) = b**2 + 4*b - 16. Let h be t(-7). Let p(f) be the second derivative of -3/2*f**2 + 7/6*f**3 - 1/12*f**4 - 5*f + 0. Give p(h).
7
Let g(b) = b - 2. Let d be (-3*(-2)/(-6))/(2/6). What is g(d)?
-5
Suppose 172*i = 141*i - 341. Let m(a) = a**3 + 10*a**2 - 11*a - 1. Calculate m(i).
-1
Suppose 3*a = -4*n - 11 + 34, 16 = 3*n + a. Let d = -3 + n. Let t(i) = 10*i**2 + 2*i + 7 - 11*i**d - 6*i. What is t(-6)?
-5
Suppose -2*b - 8*i + 12 = -6*i, 2*i = -2. Let s(r) = -r**3 + 6*r**2 + 5*r + 4. Give s(b).
-10
Let b be 9 - (2 - 0) - 3. Let v(f) = 4*f + 106. Let c be v(-26). Let u(k) = -12 - b*k - 8 + 14 + k**c. Give u(5).
-1
Let q(x) = 2*x**2 + 3*x. Let f be q(-2). Let j(w) = -238*w**2 - 5*w + 4*w + 239*w**f. What is j(3)?
6
Let b(y) = -y**2 - 9*y + 6. Let l = -719 + 711. Determine b(l).
14
Let y(h) = -4*h - 2*h + 8*h - 9. Let z be y(7). Let w(x) be the third derivative of -x**4/24 + x**3/2 + 4*x**2. Determine w(z).
-2
Let c(w) = -1. Let b(j) = -j + 16. Let z(p) = b(p) + 4*c(p). Let m(g) = -4*g + 36. Let n be m(20). Let s = -44 - n. Calculate z(s).
12
Let j(u) be the third derivative of -u**4/6 - u**3/6 - 34*u**2 - 4. Calculate j(-5).
19
Let s(o) = 4*o**2 - o. Let p(u) = u**2 - 4*u - 9. Let x be p(6). Suppose -x*v = -2*v + 6. Let b be (v/12)/((-1)/(-2)). Determine s(b).
5
Let n(b) = 16*b + 39. Let h be n(-3). Let j(t) = t**2 + 8*t - 8. Give j(h).
1
Let c(q) = -q**3 - 12*q**2 - 6*q - 4. Let d(n) = n**3 + 4*n**2 - 6*n - 4. Let j be d(-5). Let f(p) = p**2. Let l(w) = j*c(w) + 6*f(w). Determine l(-5).
1
Let x = -84 + 83. Let l(t) = t + 2. What is l(x)?
1
Let l(v) = -5*v**2 - 103 + 115 - 3*v**3 + 2*v**3 + v**2 + 3*v**2. Determine l(0).
12
Let w(d) = 5*d**3 - 10*d**2 + 4*d - 8. Let s(q) = 2*q**3 - 5*q**2 + 2*q - 4. Suppose 0 = -26*j + 21*j - 35. Let p(r) = j*s(r) + 3*w(r). Determine p(-5).
14
Let o(u) = -u**3 - u**2 - u + 21. Suppose -7*t = -0*t. Suppose 2*v = -n - 1, 4*v + 3 = -t*v - 3*n. Give o(v).
21
Let a(u) be the second derivative of -u**5/20 - 5*u**4/12 + 5*u**3/6 - 3*u**2/2 - 63*u. Calculate a(-7).
60
Let p be (-5)/3*29/(145/30). Let u(d) = d**2 + 11*d - 5. What is u(p)?
-15
Let q(z) = -20*z**2 - 25*z + 35. Let l(v) = -6*v**2 - 8*v + 11. Let k(h) = -7*l(h) + 2*q(h). What is k(-6)?
29
Let q(v) = -v**3 + 6*v**2 - 6. Let l(k) = -11 + 2*k**3 + 8 - k**3 + 5*k**2 + 3*k. Let m be l(-3). Determine q(m).
-6
Let b(r) = -5*r**2 + 8*r + 8. Let k(y) = 4*y**2 - 10*y - 4. Let c(x) = -3*b(x) - 4*k(x). What is c(12)?
40
Let w(z) = 6*z**2 - 14*z**3 + 7*z**2 - 3*z**2 - z**3 - 9*z**2. What is w(-1)?
16
Suppose 13*i = 18*i, 4*z = 3*i - 20. Let d(g) = -g**3 - 5*g**2 - 2*g + 4. What is d(z)?
14
Let d(y) = -y**3 - y**2 - 2. Let u = 15 - 14. Suppose -24 = -w + 5*h - u, 5*w - h + 5 = 0. Calculate d(w).
2
Let h(c) = 6*c + 43. Let u(w) = -5*w - 34. Let v(z) = 3*h(z) + 4*u(z). Determine v(-12).
17
Let k(b) be the first derivative of -7/2*b**2 + 13 + b - 1/3*b**3. Determine k(-7).
1
Let x be 6/2*-3*(-40)/(-36). Let z(y) = -y**2 - 11*y - 4. Determine z(x).
6
Let t(s) = s**3 - s - 3. Let u be 3/(-2)*(-6)/(-12)*-4. Give t(u).
21
Let c(j) = 2*j - 3*j + 3 - 3 - j**2. Let u = 50 - 45. Suppose -2*g = -3*f + u + 3, 3*f = 4*g + 16. Calculate c(f).
0
Suppose 4*p - 14 + 6 = 0. Let r be (6 - 2) + 2/2. Let a(g) = r*g**2 + 0*g - g - 3*g**2 - g. What is a(p)?
4
Let i = 212 - 220. Let y(v) = -v**2 - 8*v - 1. What is y(i)?
-1
Let z(b) = -94*b - 30 - 167*b + 258*b. What is z(-8)?
-6
Let n(g) = -3*g**3 + 15*g**2 + 20*g + 16. Let o(y) = -y**3 + 5*y**2 + 7*y + 5. Let z(k) = 3*n(k) - 8*o(k). Give z(6).
-4
Let q(a) = -a**3 - 4*a**2 + 3*a - 5. Suppose -3*g + w = 2*g - 1, 3 = -3*g - 3*w. Let t be -2 - (3 + g/(-1)). What is q(t)?
5
Suppose -14*d = -13*d - 6. Let x(l) = 5*l. Let k(t) = t. Let f(j) = d*k(j) - x(j). Determine f(-1).
-1
Let k(v) = v**3 - 5*v**2 - 11*v + 6. Let m be (7/(-2))/(2/(4 + -8)). Give k(m).
27
Suppose -2*k - 2*x = 2*k + 32, k = 3*x + 6. Let o = 8 + k. Let i(h) = -1 - o*h - 1 + 2 + 1. Give i(5).
-9
Let x(s) = -s**2 + 11*s - 20. Let r be x(9). Let m(n) = 3*n**2 + 5*n - 2. Let q(g) = -2*g**2 - 3*g + 1. Let d(o) = 6*m(o) + 11*q(o). Give d(r).
-11
Let n(l) be the second derivative of l**4/12 - l**3 - 9*l**2/2 - 66*l - 4. Give n(0).
-9
Let x(k) = 2*k + 16. Let g be (-7 - -1) + 21*36/(-126). Give x(g).
-8
Let c(g) = -g**3 + 0*g - 4*g**2 + 3*g + 1 + g - 6*g. Let p be (-2)/4*(5 + 3). Give c(p).
9
Suppose 5*s = h + 53, 2*h + 0*h = s - 7. Suppose -s = -2*t - 3. Let i(k) = k**3 - 5*k**2 + 5*k. What is i(t)?
4
Let h(a) = a**3 - 5*a**2 + 4*a - 4. Let c be h(6). Suppose 0 = -3*m - 2*d + 22, 8*d - 4*d = 4*m - c. Let b(l) = -m*l + 9 + 9*l + 0*l. Determine b(0).
9
Let s(v) = v + 7. Let d = -107 + 109. Let r be d*6*4/(-8). What is s(r)?
1
Let q(z) be the second derivative of -1/2*z**2 + z**3 - 1/12*z**4 + 0 + 14*z. Calculate q(3).
8
Let t = 78 + -72. Suppose t*n + 12 = 9*n. Let i(j) = -j + 7. What is i(n)?
3
Let q(y) = -y**2 - 3*y + 7. Let a = -178 - -184. Give q(a).
-47
Let w be (2/(-8))/((-2)/24). Let v = w - 0. Let j(p) = p**2 + p + 2. Calculate j(v).
14
Suppose -2*f - 24 = -22. Let u be (-10)/4*102/(-15). Let p(l) = -4 + 8 - u*l - 3. Give p(f).
18
Let t(v) = 74*v + 104. Let a(j) = 13*j + 21. Let n(l) = 11*a(l) - 2*t(l). Calculate n(5).
-2
Suppose 4*c - 4*x - 16 = 0, 3*c - 17 + 3 = x. Let t(b) = -3*b + 6 + c*b**2 + 0*b + 4*b - 4*b**2. Let y = 1 - 1. What is t(y)?
6
Let l(v) = v**3 - 3*v**2 - 3*v - 3. Suppose 119*u - 24 = 122*u. Let a(k) = -6*k - 44. Let c be a(u). Determine l(c).
1
Let s(u) = u**3 + 7*u**2 + 2*u - 10. Let f(k) = k**3 - 49*k**2 + 47*k + 41. Let t be f(48). What is s(t)?
-24
Let o(k) be the first derivative of -k**3/3 + 7*k**2/2 - 6*k - 4. Let a(u) = -u**3 + 6*u**2 - 6*u + 3. Let t be a(2). Calculate o(t).
-6
Let f(n) be the first derivative of -10 - n - 1/3*n**3 + 0*n**2. Determine f(-1).
-2
Let f(z) = -5825*z**3 + 11652*z**3 - 5828*z**3 - 19. Suppose 5*u + 0 + 5 = 2*j, -j - 5 = 5*u. Calculate f(j).
-19
Let j(y) = 4*y + 13. Let p = 269 - 262. What is j(p)?
41
Suppose h + 2*x = -2, 3*h + 2 = 5*h - 2*x. Suppose 0 = 2*o - 1 - 3. Suppose h = 5*s + 17 - o. Let b(u) = -u**2 - u - 3. Determine b(s).
-9
Let n(z) = -z**3 + 4*z**2 + 6*z - 2. Suppose 3*w - 133 = -109. Suppose -6*s - 10 = -w*s. What is n(s)?
3
Let w(r) = -r**3 - 5*r**2 + r + 5. Let u be w(-3). Let p = 15 + u. Let z(n) = -n**3 + n**2 + n. Give z(p).
1
Let n(w) = w**2 + w + 12. Let h(m) = m + 18 - 9 - 8. Let s(c) = -c - 2. Let t be s(-8). Let k(b) = t*h(b) - n(b). Give k(4).
-2
Let j be -1*2*(-1)/2. Let z(w) = -w. Let f be z(j). Let h(b) = -16*b - 16*b - 19*b + 69*b - 16*b. Determine h(f).
-2
Suppose -11*y = -0 + 11. Let a(w) = 91*w - 26. Let x(d) = -18*d + 5. Let m(c) = 5*a(c) + 26*x(c). Determine m(y).
13
Let s(f) = 2*f**2 + 3*f - 4. Let o(k) = 3*k + 17. Let t be o(-5). Suppos